). Suppose 0 = l*u - 16 + 1. List the prime factors of u.
3
Suppose z - 5 - 17 = 0. List the prime factors of z.
2, 11
Suppose -g - 15 = 5*y, 2*y - 40 = g - 6*g. List the prime factors of g.
2, 5
Suppose 72 = 3*s + s. Suppose 4*u = u + s. List the prime factors of u.
2, 3
Suppose 0*z + 2*z = 20. Suppose 0*b + 2*b = z. Suppose b*h - 21 - 29 = 0. List the prime factors of h.
2, 5
Let h(i) be the first derivative of -11*i**2/2 + 8*i - 7. List the prime factors of h(-4).
2, 13
Let d(f) = 9*f**2 - 7*f - 9. Let i(t) = 14*t**2 - 10*t - 14. Let w(p) = 8*d(p) - 5*i(p). List the prime factors of w(5).
2, 3
What are the prime factors of (-4 - -12)/(1/3) + -1?
23
List the prime factors of 4 - ((-82 - 2) + 3).
5, 17
Let s(f) = f**2 - 5*f + 3. Let d be s(3). Let j(i) = i**2 - 6*i - 2. Let k be j(8). Let u = d + k. What are the prime factors of u?
11
Suppose 0 = -7*d + 3*d - 2*l + 794, 2*d - 3*l - 409 = 0. List the prime factors of d.
2, 5
Let i(c) = -2*c + 4. Let n be i(-3). Let y = 45 + n. Suppose 2*f + y = 7*f. List the prime factors of f.
11
Let b(r) = -77*r + 1. Let u be b(-1). Suppose -3*w + u = -w. What are the prime factors of w?
3, 13
Let g be 36/60 - 1042/(-5). Suppose d - 12 = -t + 27, g = 5*d - 2*t. List the prime factors of d.
41
Let i = 14 + 1. What are the prime factors of 2/5 + 429/i?
29
Let b = -19 + 34. Let d(a) = a - 9. List the prime factors of d(b).
2, 3
Suppose c = -2*m + 51, 0*m - 5*c + 31 = 2*m. List the prime factors of m.
2, 7
Let m be (-4)/(-10) + 189/15. Suppose 5 = -w + m. List the prime factors of w.
2
Suppose -5*s + 5*m = 10, -11 - 1 = -4*s - m. Suppose -x - s*g = -38, 0 = -3*x - 0*g - 3*g + 99. What are the prime factors of x?
2, 7
Let w be -8*(9/(-6) - -1). Let h = w + -2. Suppose -s + 3*r + 5 = -4, -2*r = h. What are the prime factors of s?
2, 3
Let h(o) = -o**3 + 4*o**2 - 2*o + 4. Let n be h(4). List the prime factors of (-4)/n - (-1 - 14).
2
Let o(n) = n**3 - 4*n**2 + 2*n - 2. Let l be o(4). Suppose 0 = -2*m + 2, -5*j + 3 + l = -m. List the prime factors of (-5 + 3)/(j/(-11)).
11
Let d = -1 + 0. Let o(z) = -15*z - 1. List the prime factors of o(d).
2, 7
Suppose -n - 12 = -0. Let z = n - -19. What are the prime factors of z?
7
Suppose -2*f - 3*f = -5*n + 60, -3*n = 4*f - 57. What are the prime factors of n?
3, 5
Let f(m) = -m**2 - 6*m + 2. Let z(k) = 2*k**3 + 3*k**2 - 2. Let o be z(-2). Let y be f(o). What are the prime factors of 8/4*2/y?
2
Let z(c) = -5*c + 5. List the prime factors of z(-6).
5, 7
Suppose -3*w + 17 - 2 = 0. Suppose 2*c + 44 = 3*k, -5*c = 5*k - 129 + 14. Suppose -w*p + 12 = -k. List the prime factors of p.
2, 3
Let x(q) = 40*q**2 - q + 1. Let s = -7 + 8. List the prime factors of x(s).
2, 5
Suppose -h = -5*h + 16, 0 = -5*v - 4*h - 74. Let l = v - -27. What are the prime factors of l?
3
Let v be 10/6 + 2/6. Suppose v*m - 5*m - 2 = 2*l, -m = 5*l - 8. What are the prime factors of ((-3)/2)/(l/(-4))?
3
Suppose -c + 5*u + 27 = 2*c, -2*u + 6 = 0. Let w be 4/c + 120/21. List the prime factors of (-3)/(w/2) - -7.
2, 3
Suppose 32 = 4*s - 2*r, 2*s - 3 - 1 = -5*r. Let a = 11 - s. Suppose -2*c + 2*f + 2 + a = 0, 2*c - 12 = -f. What are the prime factors of c?
5
List the prime factors of ((-4)/8)/((-1)/98).
7
Suppose -6 = 4*z - 18. List the prime factors of z.
3
Let q = 4 + 0. Suppose 5*y = g - 4*g + 36, 0 = 4*g + q*y - 40. What are the prime factors of g?
7
Suppose 13*o - 22*o = -450. List the prime factors of o.
2, 5
List the prime factors of (-167)/(-4) - (-57)/(-76).
41
Let i be 0 - -3 - (1 - -1). What are the prime factors of i + 0 - 12/(-2)?
7
Let n(j) = j. Let x(m) = -9*m + 3. Let c(l) = 4*n(l) + x(l). List the prime factors of c(-4).
23
Suppose 2*f + 3*f = 10. Let v = f - 0. Suppose v*c + 0 = -k + 8, 4*k = 16. What are the prime factors of c?
2
Let h(o) = -o**3 - 11*o**2 - 12*o + 8. Let m be h(-10). Suppose 4*f + 17 = 7*f + i, -m = -4*f + 4*i. What are the prime factors of f?
2, 3
Let s = -1 - -3. List the prime factors of (-3 - -4)/(s/36).
2, 3
Let m(c) be the second derivative of 1/2*c**3 + c + 0 - 2*c**2. What are the prime factors of m(4)?
2
Suppose -3*j - 29 = -10*a + 5*a, j = 4*a - 19. Suppose -a*z = -3*z - 7. What are the prime factors of z?
7
Suppose -67 = -r + 2*o, 2*r - o = r + 69. List the prime factors of r.
71
Let d = 128 + -77. List the prime factors of d.
3, 17
Let b(r) be the third derivative of r**5/60 + r**4/24 + r**3/2 + 6*r**2. List the prime factors of b(-5).
23
Let g = -12 - -14. Suppose 7*c = -g*y + 2*c + 36, 4*c + 54 = 3*y. What are the prime factors of y?
2, 3
Let w(m) = -m**3 + 6*m**2 - 1. Let o be w(5). Suppose 4*x = 3*x. Suppose 3*c - 7*c + o = x. List the prime factors of c.
2, 3
Let z = -57 + 72. List the prime factors of z.
3, 5
Let d(k) = k**3 + k**2 + k. List the prime factors of d(3).
3, 13
Let m(t) be the second derivative of t**3/6 - 3*t**2/2 - 2*t. Suppose -d = -5*a + 38, d = -a - 4*d - 8. List the prime factors of m(a).
2
Let z = 53 + 14. List the prime factors of z.
67
Let b(t) = t**3 + 10*t**2 - 5*t - 10. Let l be (5/(-3))/(4/24). List the prime factors of b(l).
2, 5
Let l be -1 + -3 + 1 + 1. Let p be l/8 + 65/4. Suppose -2*f + p + 28 = 0. What are the prime factors of f?
2, 11
Let q be 33 - (4 - (-2 - -3)). Suppose -3*y + y + q = 0. Suppose -4*p + 67 = y. What are the prime factors of p?
13
Let z(l) = -l + 6. Let v be z(4). Suppose -v*u + 110 = 3*u. What are the prime factors of u?
2, 11
Let m(h) be the second derivative of h**5/120 - h**4/6 + 2*h**3/3 + h. Let x(o) be the second derivative of m(o). What are the prime factors of x(6)?
2
Let a = -63 - -107. Suppose 0*p + 114 = 3*w + 3*p, 4*p = -w + a. Suppose -c + 4*c = w. List the prime factors of c.
2, 3
Let l(x) = 7*x - 3*x + 0*x + 4*x + 1. Let s be l(2). Suppose -s = -4*b + 3. List the prime factors of b.
5
Let u = -1 - -3. Suppose 5*x = -u*q, 5*x - q - 13 = 2. Suppose -f - 7 = -x*f. What are the prime factors of f?
7
Let a = 2 + 7. List the prime factors of a.
3
Let y(s) = -3*s + s**2 + 1 - 2 + 5*s**2 - 5*s**2. Let x(i) = i**3 - 3*i**2 - 2*i - 3. Let d be x(4). List the prime factors of y(d).
3
Let p be 43/(-4) + (-12)/(-16). Let o be (-8)/p*1*-5. Let q = o - -8. List the prime factors of q.
2
Let q(c) = 9*c**2 - c + 8. What are the prime factors of q(3)?
2, 43
Suppose g + 4 = 2*b, 0 = b + g - 0 - 2. Suppose -b*d = 4*h - 58, -h + 2*d = -0*h - 2. Suppose 3*j - 30 = -h. List the prime factors of j.
2, 3
Let f(u) = 14*u - 7. Let c be f(4). What are the prime factors of 189/c + 1/7?
2
Suppose 2*w + 1 = 3*w. Suppose o - 9 = -2*j, -2*o + 4*j + 0*j = 22. List the prime factors of (o + 1 + w)*10.
2, 5
Let d be 24 + 2 + -4 + 2. Suppose -6*y = -2*y + d. List the prime factors of (-9)/(2/(16/y)).
2, 3
Let v be (0 + (-1)/(-3))*9. Suppose -6*q + 5*q - 5*t = -48, v*q - 3*t = 162. What are the prime factors of q?
53
Suppose -2*k - 55 = -4*t - k, 0 = -2*k + 2. What are the prime factors of t?
2, 7
Suppose -14 = -2*y + 16. Suppose -f + y - 10 = 0. List the prime factors of f.
5
What are the prime factors of 78/9*15/10?
13
Suppose -2*g + 2*y + 40 = -3*y, 5*g = 4*y + 100. What are the prime factors of g?
2, 5
Let a(p) = -15*p - 100. List the prime factors of a(-17).
5, 31
Suppose 0*j + t - 3 = j, -j + 5*t = 19. Suppose -3*s + 7 = 4*r, s + 3*r = -0*r - j. Let a = 11 - s. List the prime factors of a.
2, 3
Suppose -t - 5*a = 2*t - 181, -3*a = 12. List the prime factors of t.
67
Let y = 7 + -5. Suppose q + 0*q - y = 0. Let u(t) = 10*t - 2. List the prime factors of u(q).
2, 3
Let s(j) = 2*j**2 + 71. List the prime factors of s(0).
71
Let t = 18 + 90. What are the prime factors of t?
2, 3
Let b(j) = 10*j - 6. List the prime factors of b(21).
2, 3, 17
Suppose 4*p + 0*f - 330 = -2*f, -4*p + f = -327. What are the prime factors of p?
2, 41
Suppose 0 = 3*i - 7*i. Let p(l) = l**2 + 5. List the prime factors of p(i).
5
Let o(w) = -w**3 + 9*w**2 - 9*w + 7. Let g be o(8). Let b = 15 - g. List the prime factors of b.
2
Suppose 3*t - 5*a = 11, 2*t = -2*a - 2*a + 22. Let z = -3 + t. Let w = z - -1. What are the prime factors of w?
5
Let q = 140 + -34. List the prime factors of q.
2, 53
Let w(m) = -m**2 - 1. Let b(a) = 4*a**2 - 8*a - 7. Let l(r) = b(r) + 3*w(r). What are the prime factors of l(-4)?
2, 19
Suppose z - 6*z + 50 = 0. List the prime fa